.
10
Let u = -122 + 230. What is the highest common divisor of u and 12?
12
Let l(g) be the third derivative of g**5/60 + g**4/24 - 5*g**3/3 + 3*g**2. Let j = 0 + 9. Let q be l(j). Calculate the greatest common divisor of q and 16.
16
Let q(m) = 2*m**2. Let h be q(1). Suppose -h*k = -6*k. Let r = 19 + k. Calculate the greatest common factor of r and 76.
19
Suppose 3*f + 2*k - 30 = 5*k, -15 = f + 4*k. Suppose f*i - 73 = 47. What is the highest common divisor of i and 8?
8
Let a = 9 + -14. Let d = a + 7. Calculate the greatest common divisor of d and 5.
1
Suppose x + 6 = -0*x. Let z be -2 + 3/x*-4. Suppose -4*w - 1 = -4*k - 13, -5*w + k + 19 = z. Calculate the greatest common divisor of w and 6.
2
Suppose 3*y + 4*u = 32 - 0, 0 = 3*u + 3. Calculate the greatest common factor of 3 and y.
3
Suppose 0 = 5*r - q - 178, -r + 4*q = -0*q - 28. Let b = r - 12. Let m = -4 - -40. What is the highest common divisor of m and b?
12
Let g(p) = 35*p. Let k be g(1). Let m = 4 - 0. Suppose 1 + m = w. Calculate the highest common divisor of k and w.
5
Let l(i) = -i**3 + 6*i**2 + 2*i - 3. Let n be l(6). Let a be 2/n + (-3635)/(-45). What is the highest common divisor of a and 9?
9
Suppose a = 4*r - 7, -4 = 2*a - 0*a - 3*r. Let l be 1*11 - (-1 - a). Let y = 43 - -100. What is the highest common divisor of l and y?
13
Let c(u) = -3*u + 13. Let x be c(-4). Calculate the greatest common divisor of 25 and x.
25
Let k be -3*2/(-6)*16. Suppose d - k = -d. What is the highest common divisor of d and 20?
4
Suppose 1330 = 18*f - 8*f. What is the highest common divisor of 38 and f?
19
Suppose 0 = -3*u - 17 + 32. What is the greatest common factor of u and 20?
5
Let v = 1 - -1. Suppose 5*d - 2*d - s = 20, s = -v*d + 20. Let z(n) = n**3 - 25*n**2 - 27*n + 58. Let x be z(26). What is the greatest common factor of x and d?
8
Let v(y) be the third derivative of 0*y + 1/6*y**4 + 0 + 3/20*y**5 - y**3 + 2*y**2 - 1/120*y**6. Let r be v(6). What is the greatest common factor of r and 14?
14
Suppose 0 = 5*w + f + f - 57, -4*w + 3*f + 64 = 0. What is the greatest common divisor of w and 13?
13
Let y(j) = -15*j - 1. Let x be y(2). Let d = -11 - x. Suppose -10*w - 24 = -13*w. What is the highest common factor of w and d?
4
Let c be -5*((0 - 14) + 1). Suppose 46 + 6 = 2*q. What is the highest common factor of q and c?
13
Suppose 0 = -5*v - 3*c + 14, -2*v + c + 3 = -7. Let s(l) = -27*l + 1. Let j be s(-1). What is the highest common factor of j and v?
4
Let x be 4*(-2)/((-24)/9). Suppose c - 5*c = -4*u + 68, -4*c - x*u - 103 = 0. Let k = c - -32. What is the greatest common divisor of 20 and k?
10
Suppose -2*t - 12 = -44. Suppose 0*m + t = 4*m. What is the greatest common divisor of m and 28?
4
Suppose -3*s + 133 - 8 = 4*b, 0 = 3*b - 2*s - 115. What is the greatest common divisor of b and 35?
35
Let o be ((-2)/4)/((-1)/(-86)). Let z = o + 176. What is the highest common factor of 19 and z?
19
Let v = -155 + 161. Suppose 0 = -2*w + 6*h - h + 116, -176 = -4*w - 4*h. Calculate the greatest common factor of w and v.
6
Suppose -3*c = -6*c - 12. Let y be (-8)/3*6/c. Calculate the greatest common divisor of y and 36.
4
Let x be (-2 - (8 + 2))*-2. Let v(n) = n**3 + 7*n**2 - 3*n. Suppose -24 + 4 = 5*k. Let o be v(k). Calculate the highest common divisor of o and x.
12
Suppose 5*t = -0*t + 10. Suppose t*c - 242 = -0*c. What is the greatest common factor of 11 and c?
11
Suppose 0 = -6*f + 2*f + 28. Let r = 7 - 23. Let c = r + 23. What is the highest common factor of f and c?
7
Let w be 142/10 - 8/40. What is the greatest common factor of w and 21?
7
Let o = 11 - 16. Let n = -43 + -29. Let s be (n/(-45))/((-2)/o). What is the greatest common divisor of s and 8?
4
Suppose -2*s + 38 = 2*h, 5*s - 184 = 3*h - 49. Calculate the greatest common divisor of 3 and s.
3
Let g be 8/(-6 + 54) - 95/(-6). What is the greatest common factor of 2 and g?
2
Let o = 62 - 39. Calculate the highest common divisor of o and 23.
23
Suppose -4*m + 15 = 3. Let f be 12*1*10/3. Suppose -5*l + f = 3*o + 2*o, 0 = -4*l - 2*o + 34. Calculate the greatest common divisor of l and m.
3
Suppose -2*i - 5*q + 20 = 0, 5*q = i + 21 - 1. Let m be 3 + 56 + (1 - i). What is the highest common factor of 24 and m?
12
Suppose z - 3*f - 14 = 0, 0*f - f - 2 = z. Suppose -17 + 1 = -2*n - j, -z*j = -8. Let d be 8/n*(-9)/(-6). What is the greatest common factor of 1 and d?
1
Let d = -71 + 31. Let a = -82 - d. Let r = -10 - a. Calculate the greatest common divisor of 4 and r.
4
Let m be 6*8/(-216) + (-101)/(-9). Calculate the highest common factor of 176 and m.
11
Let g = -38 - -43. Let x = -67 + 226. Let r be x/3 + 1*2. Calculate the highest common divisor of r and g.
5
Suppose -3*z = -15, 0 = -3*o + 3*z - 0*z + 21. Let d be (-319)/4 - 4/16. Let l be (33/(-4))/(5/d). What is the highest common divisor of l and o?
12
Let i be ((-22)/(-3))/((-5)/(-60)). Suppose 0 = d + 4*d - 55. What is the highest common divisor of i and d?
11
Let i be 1*(-3)/(-2)*2. Let h(q) = -3*q - 9 + i + q**2 + 6*q. Let s be h(-5). Calculate the greatest common divisor of s and 4.
4
Suppose 0*i - 4*i = -20. Let f be 4 - 6 - (0 + -12). Calculate the highest common factor of f and i.
5
Let c = -86 - -185. Suppose -5*n + 14 = -31. Let g be 88/(-12)*n/(-6). Calculate the greatest common divisor of c and g.
11
Let i(w) = -2*w + 4. Let t be i(0). Suppose -60 = -7*k + 2*k. Calculate the highest common factor of t and k.
4
Let x be (8 - (-1062)/(-135)) + 88/15. Calculate the highest common factor of x and 78.
6
Let n = -208 - -328. Let o(j) = j**3 - 5*j**2 + j + 7. Let c be o(5). What is the greatest common divisor of n and c?
12
Suppose -2*o = -4*o + 88. Calculate the greatest common divisor of 66 and o.
22
Suppose -2*t - j - 2*j + 15 = 0, -3*j = -2*t + 33. What is the highest common divisor of t and 6?
6
Suppose 6*k - 26 = 58. Let s be (-374)/(-18) - 4/(-18). Calculate the greatest common factor of k and s.
7
Suppose 0 = -2*y - 64 + 244. Calculate the greatest common factor of y and 30.
30
Let w = -60 + 68. What is the greatest common factor of 88 and w?
8
Let t = 83 + -69. Calculate the greatest common divisor of t and 28.
14
Suppose -6*d = -954 - 762. What is the greatest common factor of d and 26?
26
Let s = 42 - -66. What is the highest common factor of s and 27?
27
Suppose 0 = 3*x - 3*c + 84, 0*c - 120 = 4*x - 2*c. Let o = x + 68. What is the greatest common divisor of 18 and o?
18
Let k be (-3983)/(-63) + 6/(-27). What is the highest common factor of k and 7?
7
Let c be 0 - -4 - 76/(-19). Calculate the greatest common divisor of 8 and c.
8
Let p = 8 + 22. Calculate the greatest common factor of p and 12.
6
Let p = -13 + 17. Suppose -4*m + 655 = m + 5*n, p*m - 484 = 4*n. What is the highest common factor of 18 and m?
18
Suppose -3*u - 2 = 19. Let q = -2 - u. Let x(o) = -o**2 + 7*o + 2. Let n be x(q). What is the greatest common factor of n and 12?
12
Let y = -8 + 17. Let b be (2 - 1)/(17/34). Suppose b*r - y = -r. Calculate the greatest common divisor of r and 6.
3
Let s(o) be the second derivative of o**4/12 - o**3/6 + 9*o**2 + 4*o. Let z be s(-13). Calculate the highest common divisor of 25 and z.
25
Let m(k) = -k**3 - 4*k**2 - 4*k + 4. Let b be m(-4). Let u = 39 - b. Let y = -12 + u. Calculate the highest common divisor of y and 7.
7
Let k be 12/10*((7 - 1) + 19). Calculate the highest common factor of 10 and k.
10
Let a(n) = n**3 + 9*n**2 + 6*n - 2. Let y = 1 - 9. Let f be a(y). What is the greatest common factor of f and 140?
14
Let s be ((-30)/4)/(9/(-12)). What is the greatest common factor of 2 and s?
2
Let o be (-175)/(-55) + 2/(-11). Suppose 0 = v - o*v + 60. Calculate the highest common divisor of 5 and v.
5
Let o(w) = 2*w**2 + 5*w + 5. Let x be o(-4). Let i(v) = -63*v - 2. Let p be ((-2)/(-6))/((-1)/9). Let b be i(p). What is the greatest common divisor of x and b?
17
Let g(c) = c**3 + 105. Let y be g(0). Calculate the greatest common divisor of y and 42.
21
Suppose 5*b = b + 28. Let t(a) = 8*a - 1. Let f be t(b). Suppose 0*s + f = 5*s. Calculate the greatest common divisor of 55 and s.
11
Let o be -19*(-6 - 2/(-2)). Suppose 0 = -u - 1 + 2. Suppose 0 = -k - u + 20. Calculate the highest common divisor of o and k.
19
Let p(y) = -5*y + 2*y - 7*y - 1. Let n(a) = -a**2 -